{"id":4878,"date":"2026-01-26T11:22:12","date_gmt":"2026-01-26T10:22:12","guid":{"rendered":"https:\/\/doxa.nu\/?page_id=4878"},"modified":"2026-01-26T11:22:12","modified_gmt":"2026-01-26T10:22:12","slug":"sondag-8-mars-kl-1100","status":"publish","type":"page","link":"https:\/\/doxa.nu\/index.php\/sondag-8-mars-kl-1100\/","title":{"rendered":"S\u00f8ndag 8. mars kl.11:00"},"content":{"rendered":"<p>Velkommen til m\u00f8te! Det blir lovsang til Herren, forkynnelse av Guds ord og betjening av de som \u00f8nsker det, samt hyggelig samv\u00e6r.<\/p>\n","protected":false},"excerpt":{"rendered":"<p>Velkommen til m\u00f8te! Det blir lovsang til Herren, forkynnelse av Guds ord og betjening av de som \u00f8nsker det, samt hyggelig samv\u00e6r.<\/p>\n","protected":false},"author":16,"featured_media":4557,"parent":0,"menu_order":0,"comment_status":"closed","ping_status":"closed","template":"","meta":{"footnotes":""},"class_list":["post-4878","page","type-page","status-publish","has-post-thumbnail","hentry"],"_links":{"self":[{"href":"https:\/\/doxa.nu\/index.php\/wp-json\/wp\/v2\/pages\/4878","targetHints":{"allow":["GET"]}}],"collection":[{"href":"https:\/\/doxa.nu\/index.php\/wp-json\/wp\/v2\/pages"}],"about":[{"href":"https:\/\/doxa.nu\/index.php\/wp-json\/wp\/v2\/types\/page"}],"author":[{"embeddable":true,"href":"https:\/\/doxa.nu\/index.php\/wp-json\/wp\/v2\/users\/16"}],"replies":[{"embeddable":true,"href":"https:\/\/doxa.nu\/index.php\/wp-json\/wp\/v2\/comments?post=4878"}],"version-history":[{"count":1,"href":"https:\/\/doxa.nu\/index.php\/wp-json\/wp\/v2\/pages\/4878\/revisions"}],"predecessor-version":[{"id":4879,"href":"https:\/\/doxa.nu\/index.php\/wp-json\/wp\/v2\/pages\/4878\/revisions\/4879"}],"wp:featuredmedia":[{"embeddable":true,"href":"https:\/\/doxa.nu\/index.php\/wp-json\/wp\/v2\/media\/4557"}],"wp:attachment":[{"href":"https:\/\/doxa.nu\/index.php\/wp-json\/wp\/v2\/media?parent=4878"}],"curies":[{"name":"wp","href":"https:\/\/api.w.org\/{rel}","templated":true}]}}